ide 8165?
False
Is 40235 a multiple of 93?
False
Does 114 divide 12115?
False
Does 64 divide 1600?
True
Does 247 divide 23465?
True
Is 1236 a multiple of 22?
False
Is 57222 a multiple of 99?
True
Does 60 divide 4800?
True
Does 14 divide 3914?
False
Does 32 divide 50400?
True
Is 437 a multiple of 14?
False
Does 27 divide 983?
False
Does 3 divide 240?
True
Is 9 a factor of 9225?
True
Is 16843 a multiple of 36?
False
Is 102 a factor of 14892?
True
Is 51330 a multiple of 145?
True
Does 15 divide 1560?
True
Is 7089 a multiple of 136?
False
Is 58394 a multiple of 199?
False
Does 43 divide 759?
False
Does 11 divide 2664?
False
Is 25 a multiple of 25?
True
Is 9 a factor of 2331?
True
Is 61 a factor of 2989?
True
Does 30 divide 1208?
False
Is 5639 a multiple of 28?
False
Does 14 divide 14268?
False
Is 9 a factor of 685?
False
Is 200 a multiple of 32?
False
Is 11 a factor of 7062?
True
Is 6 a factor of 5567?
False
Is 164 a multiple of 28?
False
Does 35 divide 35?
True
Does 44 divide 1364?
True
Is 28 a factor of 9968?
True
Does 191 divide 35335?
True
Is 3 a factor of 30?
True
Does 11 divide 5485?
False
Is 26 a factor of 32396?
True
Is 106283 a multiple of 59?
False
Is 222 a multiple of 3?
True
Does 35 divide 35?
True
Does 8 divide 2712?
True
Is 45 a factor of 2970?
True
Is 3894 a multiple of 18?
False
Is 7 a factor of 4749?
False
Is 52 a factor of 12016?
False
Does 2 divide 4182?
True
Is 14 a factor of 6244?
True
Does 39 divide 843?
False
Is 73 a factor of 24017?
True
Is 600 a multiple of 75?
True
Is 14 a factor of 2968?
True
Does 5 divide 2829?
False
Does 45 divide 13500?
True
Is 28 a factor of 93632?
True
Does 56 divide 2193?
False
Is 14 a factor of 715?
False
Does 19 divide 48?
False
Is 31 a factor of 15562?
True
Is 22887 a multiple of 10?
False
Does 41 divide 123?
True
Is 204 a multiple of 2?
True
Is 157 a factor of 10990?
True
Is 6 a factor of 222?
True
Does 5 divide 15?
True
Is 10453 a multiple of 69?
False
Does 49 divide 34924?
False
Is 8 a factor of 175?
False
Is 17900 a multiple of 20?
True
Does 17 divide 68?
True
Does 42 divide 858?
False
Is 205 a factor of 14135?
False
Is 17 a factor of 399?
False
Is 13176 a multiple of 30?
False
Is 5269 a multiple of 72?
False
Is 14 a factor of 56?
True
Is 53 a factor of 60156?
False
Is 30 a factor of 25710?
True
Does 2 divide 24?
True
Is 5 a factor of 850?
True
Does 51 divide 39678?
True
Is 14560 a multiple of 40?
True
Is 2520 a multiple of 90?
True
Is 108 a factor of 21816?
True
Is 9 a factor of 21969?
True
Does 84 divide 1054?
False
Is 89376 a multiple of 178?
False
Is 2853 a multiple of 112?
False
Is 1352 a multiple of 13?
True
Does 8 divide 36297?
False
Does 61 divide 1284?
False
Is 175 a multiple of 35?
True
Does 18 divide 97949?
False
Does 15 divide 36899?
False
Is 12 a factor of 212749?
False
Does 24 divide 429?
False
Is 5 a factor of 645?
True
Is 11900 a multiple of 61?
False
Is 23 a factor of 207?
True
Is 1302 a multiple of 7?
True
Is 39 a factor of 195?
True
Is 4 a factor of 4?
True
Does 14 divide 7551?
False
Is 81 a factor of 2269?
False
Is 286 a multiple of 11?
True
Is 1309 a multiple of 11?
True
Does 126 divide 3528?
True
Does 9 divide 18945?
True
Does 4 divide 728?
True
Does 16 divide 21459?
False
Is 24585 a multiple of 5?
True
Does 6 divide 9501?
False
Is 23 a factor of 1137?
False
Is 11 a factor of 9108?
True
Is 3537 a multiple of 8?
False
Is 15 a factor of 171?
False
Is 1071 a multiple of 51?
True
Does 46 divide 1978?
True
Is 4628 a multiple of 13?
True
Is 92 a multiple of 23?
True
Is 20 a factor of 7047?
False
Is 2014 a multiple of 4?
False
Does 15 divide 1440?
True
Is 561 a multiple of 51?
True
Is 156 a factor of 898?
False
Does 4 divide 1141?
False
Is 3861 a multiple of 27?
True
Does 11 divide 762?
False
Does 3 divide 150?
True
Does 28 divide 20720?
True
Is 18815 a multiple of 71?
True
Does 34 divide 457?
False
Is 20775 a multiple of 3?
True
Is 10 a factor of 448?
False
Does 95 divide 760?
True
Is 6244 a multiple of 14?
True
Is 10 a factor of 281?
False
Is 140 a factor of 8512?
False
Is 2908 a multiple of 23?
False
Does 13 divide 5278?
True
Is 9 a factor of 14425?
False
Is 2 a factor of 1987?
False
Does 13 divide 4738?
False
Is 10268 a multiple of 11?
False
Is 5616 a multiple of 13?
True
Does 2 divide 338?
True
Does 126 divide 12726?
True
Does 72 divide 8512?
False
Is 2 a factor of 8560?
True
Is 2476 even?
True
Is 8180 a multiple of 30?
False
Is 640 a multiple of 16?
True
Is 14 a factor of 39466?
True
Does 109 divide 113251?
True
Is 706 a multiple of 28?
False
Is 28950 a multiple of 130?
False
Is 76 a factor of 304?
True
Is 305 a multiple of 10?
False
Is 1290 a multiple of 86?
True
Is 15 a factor of 15679?
False
Is 3 a factor of 52?
False
Is 3255 a multiple of 105?
True
Does 279 divide 552?
False
Does 38 divide 37517?
False
Does 56 divide 33674?
False
Is 63 a factor of 1447?
False
Is 770 a multiple of 10?
True
Does 14 divide 1809?
False
Is 166 a factor of 14110?
True
Is 11 a factor of 34355?
False
Is 24 a factor of 5472?
True
Does 10 divide 968?
False
Is 2 a factor of 38?
True
Does 10 divide 1360?
True
Is 1930 a multiple of 44?
False
Is 19 a factor of 19285?
True
Is 13524 a multiple of 196?
True
Is 223 a factor of 52182?
True
Is 25866 a multiple of 20?
False
Is 24531 a multiple of 13?
True
Is 15 a factor of 435?
True
Is 730 a multiple of 42?
False
Is 225 a multiple of 42?
False
Is 161 a multiple of 23?
True
Is 143 even?
False
Is 3331 a multiple of 11?
False
Is 239 a multiple of 23?
False
Is 41724 a multiple of 57?
True
Does 51 divide 612?
True
Does 5 divide 1487?
False
Is 538 a multiple of 17?
False
Is 40256 a multiple of 64?
True
Is 15912 a multiple of 13?
True
Does 10 divide 1040?
True
Does 6 divide 2274?
True
Is 8 a factor of 761?
False
Is 1872 a multiple of 104?
True
Does 39 divide 3120?
True
Is 3 a factor of 43?
False
Does 6 divide 6558?
True
Is 47 a factor of 1974?
True
Is 2 a factor of 11?
False
Is 1520 a multiple of 16?
True
Is 87 a factor of 2292?
False
Is 11 a factor of 132?
True
Is 8711 a multiple of 31?
True
Is 14 a factor of 9218?
False
Is 77 a multiple of 8?
False
Is 35 a factor of 63455?
True
Is 13 a factor of 10041?
False
Is 5 a factor of 1275?
True
Does 50 divide 2654?
False
Is 1269 a multiple of 19?
False
Does 3 divide 212?
False
Is 28 a factor of 19852?
True
Does 18 divide 469?
False
Is 5 a factor of 2210?
True
Is 28 a factor of 123957?
False
Is 95 a multiple of 4?
False
Does 37 divide 1295?
True
Does 2 divide 101?
False
Does 10 divide 4857?
False
Does 28 divide 4144?
True
Does 23 divide 253?
True
Is 5 a factor of 104?
False
Is 783 a multiple of 11?
False
Is 424 a multiple of 16?
False
Is 644 a multiple of 28?
True
Is 379 a multiple of 80?
False
Does 10 divide 2810?
True
Is 19 a factor of 532?
True
Is 64 a factor of 7488?
True
Does 43 divide 10971?
False
Does 15 divide 6300?
True
Is 80 a factor of 42160?
True
Is 2 a factor of 309?
False
Does 22 divide 12788?
False
Is 335 a multiple of 38?
False
Is 35 a factor of 5890?
False
Is 9527 a multiple of 10?
False
Does 13 divide 390?
True
Does 5 divide 19814?
False
Does 56 divide 1514?
False
Is 54322 a multiple of 8?
False
Is 6 a factor of 292?
False
Is 22 a factor of 270?
False
Does 48 divide 6288?
True
Is 30 a factor of 420?
True
Is 35 a factor of 40915?
True
Does 12 divide 6074?
False
Is 1801 a multiple of 31?
False
Is 21 a factor of 2146?
False
Does 17 divide 16803?
False
Is 15 a factor of 600?
True
Is 47 a factor of 1645?
True
Is 4 a factor of 20?
True
Does 108 divide 2791?
False
Is 15 a factor of 3570?
True
Is 8920 a multiple of 40?
True
Is 15748 a multiple of 62?
True
Is 12160 a multiple of 38?
True
Does 35 divide 385?
True
Does 163 divide 25282?
False
Is 211 a factor of 52750?
True
Is 144 a factor of 40608?
True
Does 13 divide 5668?
True
Is 37 a multiple of 2?
False
Is 47 a factor of 337?
False
Does 6 divide 11154?
True
Is 94 a factor of 4796?
False
Is 148 a multiple of 37?
True
Is 60698 a multiple of 22?
True
Does 23 divide 1420?
False
Does 23 divide 207?
True
Is 57 a multiple of 4?
False
Does 43 divide 12751?
False
Does 44 divide 453?
False
Is 1250 a multiple of 10?
True
Is 20092 a multiple of 19?
False
Is 22 a factor of 1209?
False
Is 42 a factor of 6258?
True
Is 24 a factor of 1512?
True
Is 7 a factor of 492?
Fa